 7
Suppose 5*s - 258 = 2*k, k - 4*s = -2*s - 128. Let p = -80 - k. Suppose 4*c - p = -h - 0*h, 5*h = -3*c + 50. What are the prime factors of c?
2, 5
Suppose 16 = 4*y - 0*y. What are the prime factors of (-33)/(-6*1/y)?
2, 11
Suppose 4*x + 5*b - 196 = 0, -2*x + 2*b = -3*x + 49. What are the prime factors of x?
7
List the prime factors of 43/4 + (-5)/(-20).
11
Let a = 5 - 12. Let c(z) = z**2 + 5*z + 17. What are the prime factors of c(a)?
31
Let x(h) = 3*h - 8. Let j(k) = -6*k + 15. Let b(w) = 6*j(w) + 13*x(w). List the prime factors of b(19).
43
Let q(n) = -n**3 + n**2 + 6*n + 5. Let g be q(-4). Suppose 191 + g = 4*i. Suppose 2*m + 17 = -4*o + i, 0 = 3*o + 4*m - 32. List the prime factors of o.
2, 3
Let h = 6 + -4. List the prime factors of h.
2
Let l = -2 + 2. Let c be 1*4 - (l - 2). Suppose -c = 3*d - 18. List the prime factors of d.
2
Let j = 1 + 1. Suppose -37 + 3 = -j*o. List the prime factors of o.
17
Suppose -56 = 5*r - 176. List the prime factors of r.
2, 3
Suppose 5*b = 5*w + 165, 3*b = -2*w + 7*b - 74. Let h = 5 + w. Let t = -13 - h. List the prime factors of t.
11
Let a be 56/(-12)*(-3)/2. Suppose 0 = -0*y + 3*y + 9. Let r = y + a. What are the prime factors of r?
2
Let f be (5 + -14)*2/(-9). Suppose 2*q - 6*z - 16 = -z, f = q - 4*z. What are the prime factors of q?
2, 3
Let t = 10 - 6. Suppose -68 = -0*x - t*x. List the prime factors of x.
17
Let z = -19 + 70. What are the prime factors of z?
3, 17
Suppose 45 = 3*l - 2*l - 3*m, 0 = 4*l - 3*m - 144. Let w be (-4)/22 - (-204)/l. Let h(d) = d**3 - 7*d**2 + 7*d - 4. What are the prime factors of h(w)?
2
Let h = 55 + -151. What are the prime factors of h/(-10) + 4/10?
2, 5
What are the prime factors of 1 + (-256)/(-2) + -2?
127
Suppose -3*l + 12 = -0*l, -3*l = 5*b - 187. List the prime factors of b.
5, 7
Let a be -3*4/6 + 1. Let k = -62 + 69. Let u = k - a. What are the prime factors of u?
2
Let w = 39 - 29. What are the prime factors of w?
2, 5
Suppose -4*n + 132 = -0*n. Let k = n - 23. Suppose -b = b - k. List the prime factors of b.
5
Suppose -4*i = -2*u + 410, 820 = 4*u + 3*i - 0*i. What are the prime factors of u?
5, 41
Let x(y) = y**2 - 8*y - 9. List the prime factors of x(13).
2, 7
Let l(y) = -y**2 - 9*y + 8. Let k be l(-10). List the prime factors of (-280)/(-21) + k/(-3).
2, 7
Suppose 5*y = q + 82, 2*y = 4*q - 0*q + 40. Suppose -2*c + y = -4*z, -6*c + c + 3*z + 75 = 0. Suppose 0*u + c = 2*u. List the prime factors of u.
3
Let v(b) = b**3 - 7*b**2 + 3*b - 7. Let w(d) = 2*d. Let h be w(-2). Let j(a) = -a + 3. Let i be j(h). What are the prime factors of v(i)?
2, 7
Suppose 0 = -5*q - 3*m + 381, q - 81 = 2*m - m. Suppose -3*s + 6*s = q. List the prime factors of s.
2, 13
Suppose 834 = 7*i + 141. What are the prime factors of i?
3, 11
Let m(s) = -s**3 + s**2 + s + 5. Let c be m(0). Suppose -c*n + 12 = t - n, 5*t = -3*n + 9. Let u = 4 + t. List the prime factors of u.
2
Let g(l) = l**2 + 4*l - 3. Let r be g(-4). Let x be (-1)/2*(-1 + r). Suppose o = -4*m + 21, -4*m + x*o + 4 = -2. List the prime factors of m.
2
Suppose -2*i = 2 + 2. Suppose 0 = x + x + 3*h - 8, -5*x = -h - 20. Let s = x + i. List the prime factors of s.
2
Suppose -2*x - 5*d = 17, 4*d + 0*d + 20 = 0. Let y = -2 + x. Suppose 0 = -a + y. List the prime factors of a.
2
Suppose -h + 2 = -2. Let b(f) = 14*f + 2. Let p(t) = -5*t - 1. Let v(u) = h*b(u) + 11*p(u). List the prime factors of v(5).
2
Suppose 0 = -4*z - 4*s, -4*s + 5 = 1. Let r = z - -5. List the prime factors of r.
2
Suppose 2*s - 5*n + 7 = -2*n, -2*n - 2 = -3*s. Let i(q) = -q + 6. Let r be i(s). Suppose -r*p + p = -2*y + 9, 4*y + 4*p = -12. What are the prime factors of y?
2
Suppose 0 = -5*b - 25 + 435. Let g = b - 56. What are the prime factors of g?
2, 13
Let q be 9/3 + -3 + 2. Suppose c - q = 3. What are the prime factors of c?
5
Suppose 4*a - 71 = 89. Let n = a - 22. List the prime factors of n.
2, 3
Suppose -5*v + 4 = 14. Let j(r) = r**2. Let p be j(v). List the prime factors of -6*(1 - (p - 2)).
2, 3
Suppose -8 = -2*q - 0*q. Let y = q + 6. What are the prime factors of (4*1)/(4/y)?
2, 5
Suppose 0*c - 4*c + 16 = 0. Suppose 3*x + c = 13. Suppose 4*l - 56 = -0*z + 4*z, x*l - 4*z - 47 = 0. List the prime factors of l.
3
Suppose 3*l + 2*t + 2*t = 2, 5*l + 15 = -3*t. What are the prime factors of l/4*-2*2?
2, 3
Let l(w) = w**2 + 4*w - 2. List the prime factors of l(-5).
3
Let z(p) = -13*p**2 - 13*p. Let t(l) = -7*l**2 - 7*l. Let i(h) = -11*t(h) + 6*z(h). Let v be i(-5). List the prime factors of (-5)/v - 47/(-4).
2, 3
Let g(w) be the third derivative of -w**4/24 - w**3/3 - w**2. Let d be 19/(-3) - 2/(-6). List the prime factors of g(d).
2
Let a be ((-9)/(-27))/((-1)/(-9)). Suppose o = -2*k + 5*k - 45, 4*k = a*o + 65. List the prime factors of k.
2, 7
List the prime factors of (-15)/25 - (-338)/5.
67
Let k(u) = -u**3 + 9*u**2 - 9*u + 12. Let v be k(8). Let j(o) = -o**2 - 4*o - 1. Let h be j(-2). Suppose -h*p = -v*p + 7. What are the prime factors of p?
7
Let o be (-2 - 0)/(6/3). What are the prime factors of 14/3 - o/3?
5
List the prime factors of ((-330)/5)/((-3)/4).
2, 11
Suppose 4*g - 4*w = -56, -3*g - 19 = 3*w + 53. Suppose -134 = -4*j + 2*m, -m - 2 - 3 = 0. Let u = g + j. What are the prime factors of u?
2, 3
Suppose -21 = 5*f + 2*y + 1, -f + 4*y = 0. Let b(r) be the first derivative of r**4/4 + 2*r**3 + 2*r**2 - 4*r + 1. What are the prime factors of b(f)?
2, 3
Let x(v) be the third derivative of -v**6/120 - 7*v**5/60 - v**4/12 + 2*v**3/3 - 4*v**2. Let r be x(-4). What are the prime factors of 2/(-9) + (-404)/r?
11
Suppose -28 = -c - c. Suppose 0*r = -2*r + c. What are the prime factors of r?
7
Let j(l) = 5*l**2 - 2*l - 11. What are the prime factors of j(6)?
157
Let m(y) = -y**3 - 2*y**2 - y. Let p be m(-1). Suppose -3*n + p*n + 6 = 0. Suppose 14 + n = 2*d. What are the prime factors of d?
2
Suppose 0 = q - 1, g - 5*g - 38 = -2*q. Let w = g + 22. What are the prime factors of w?
13
Suppose -2*d = -3*u + 284, -2*u - 5*d = -d - 168. Let q = u + -66. List the prime factors of q.
2, 13
Let v(b) = -b**3 + 7*b**2 - 6*b - 4. Let s be v(5). Suppose n + s = -3*n. Let o = 7 - n. List the prime factors of o.
11
Let q be 30/((-3 + -1)/(-8)). Let d = -32 + q. What are the prime factors of d?
2, 7
Let f(w) = 10*w + 8. Let y be f(6). Let r be y/16 + (-2)/8. Suppose -7 = -5*i + r*i. What are the prime factors of i?
7
Let j(y) = -y**3 - 11*y**2 + 5. Let f be j(-11). Suppose -f*w = -89 - 31. What are the prime factors of w?
2, 3
List the prime factors of 93/9 + 2/(-6).
2, 5
Suppose 8 = -4*b - 4*d, 5*b + 19 = -4*d + 6. Let j(u) = -u**3 - 2*u**2 + 1. Let t be j(-3). Let n = b + t. List the prime factors of n.
5
Let d(j) = -j + 1. Let v(f) = 4*f - 10. Let r(k) = 6*d(k) + v(k). What are the prime factors of r(-8)?
2, 3
Let q = 420 + -79. What are the prime factors of q?
11, 31
Suppose 5*z - 5*q = 35, -3*z + 39 = q + 10. Let i = 27 - z. List the prime factors of i.
2, 3
Suppose -163 = -10*a + 307. List the prime factors of a.
47
List the prime factors of (11/2)/((-3)/(-6)).
11
What are the prime factors of ((-3)/2)/(24/(-688))?
43
Let w(o) be the third derivative of 3/2*o**3 + 0 + 1/60*o**5 - 3*o**2 + 0*o - 7/24*o**4. List the prime factors of w(6).
3
Let i(q) = 34*q + 11. List the prime factors of i(3).
113
Let f = 8 - 5. Let z = f - -2. List the prime factors of z.
5
Let h(y) be the third derivative of y**6/120 - y**4/24 - y**2. Let x be h(2). What are the prime factors of (-3)/x + 5/2?
2
Let n = -7 + 12. Suppose -3*t = 2*g - 27, n*t - g - 45 = 4*g. What are the prime factors of t?
3
Suppose 0 = i + 2 - 4. Suppose 2*b = -3*b + 5*j + 60, i = -2*j. List the prime factors of b.
11
Suppose 2*z = -w + 16 - 54, -w - 5*z - 26 = 0. Let o = -22 - w. Let a = -14 + o. List the prime factors of a.
2, 5
Let s(b) = -2*b**3 + 2*b**2 - b. Let h be s(1). Let y(g) = g + 9. Let x be y(-6). Let f = x + h. What are the prime factors of f?
2
Let d(a) = 102*a**2 + a + 1. What are the prime factors of d(-1)?
2, 3, 17
Let x(y) be the third derivative of y**4/24 - 7*y**3/6 - 4*y**2. List the prime factors of x(12).
5
Let a = 10 + -6. Let f = a + -7. List the prime factors of (-1)/f + 114/9.
13
Let b(f) be the first derivative of -f**2/2 + 15*f + 2. Let a be -9*1*(2 + -3). What are the prime facto